{"id":25,"date":"2024-06-18T11:40:23","date_gmt":"2024-06-18T11:40:23","guid":{"rendered":"https:\/\/bemus-gewerbebau.de\/?page_id=25"},"modified":"2024-06-18T11:40:23","modified_gmt":"2024-06-18T11:40:23","slug":"kontakt","status":"publish","type":"page","link":"https:\/\/bemus-gewerbebau.de\/index.php\/kontakt\/","title":{"rendered":"Kontakt"},"content":{"rendered":"\n<p>Geben Sie Ihr Bauvorhaben in gute H\u00e4nde. Wir freuen uns, gemeinsam mit Ihnen Ihre Ideen und Pl\u00e4ne zu realisieren. Nehmen Sie Kontakt mit uns auf:<\/p>\n\n\n\n<p>Bemus GmbH<br>Rheinstra\u00dfe 3<br>56281 Karbach<\/p>\n\n\n\n<p>t \u2014 +49 (0) 6747 944 66 40<br>f \u2014 +49 (0) 6747 944 66&nbsp;44<br><br><a href=\"mailto:info@bemus-gewerbebau.de\">E-Mail schreiben<\/a><\/p>\n","protected":false},"excerpt":{"rendered":"<p>Geben Sie Ihr Bauvorhaben in gute H\u00e4nde. Wir freuen uns, gemeinsam mit Ihnen Ihre Ideen und Pl\u00e4ne zu realisieren. Nehmen Sie Kontakt mit uns auf: Bemus GmbHRheinstra\u00dfe 356281 Karbach t \u2014 +49 (0) 6747 944 66 40f \u2014 +49 (0) 6747 944 66&nbsp;44 E-Mail schreiben<\/p>\n","protected":false},"author":1,"featured_media":0,"parent":0,"menu_order":0,"comment_status":"closed","ping_status":"closed","template":"","meta":{"footnotes":""},"class_list":["post-25","page","type-page","status-publish","hentry"],"_links":{"self":[{"href":"https:\/\/bemus-gewerbebau.de\/index.php\/wp-json\/wp\/v2\/pages\/25","targetHints":{"allow":["GET"]}}],"collection":[{"href":"https:\/\/bemus-gewerbebau.de\/index.php\/wp-json\/wp\/v2\/pages"}],"about":[{"href":"https:\/\/bemus-gewerbebau.de\/index.php\/wp-json\/wp\/v2\/types\/page"}],"author":[{"embeddable":true,"href":"https:\/\/bemus-gewerbebau.de\/index.php\/wp-json\/wp\/v2\/users\/1"}],"replies":[{"embeddable":true,"href":"https:\/\/bemus-gewerbebau.de\/index.php\/wp-json\/wp\/v2\/comments?post=25"}],"version-history":[{"count":1,"href":"https:\/\/bemus-gewerbebau.de\/index.php\/wp-json\/wp\/v2\/pages\/25\/revisions"}],"predecessor-version":[{"id":26,"href":"https:\/\/bemus-gewerbebau.de\/index.php\/wp-json\/wp\/v2\/pages\/25\/revisions\/26"}],"wp:attachment":[{"href":"https:\/\/bemus-gewerbebau.de\/index.php\/wp-json\/wp\/v2\/media?parent=25"}],"curies":[{"name":"wp","href":"https:\/\/api.w.org\/{rel}","templated":true}]}}