{"id":31,"date":"2024-06-18T11:42:04","date_gmt":"2024-06-18T11:42:04","guid":{"rendered":"https:\/\/bemus-gewerbebau.de\/?page_id=31"},"modified":"2024-06-23T22:30:09","modified_gmt":"2024-06-23T20:30:09","slug":"pnanen-steuern-und-verwalten","status":"publish","type":"page","link":"https:\/\/bemus-gewerbebau.de\/index.php\/pnanen-steuern-und-verwalten\/","title":{"rendered":"Planen, Steuern und Verwalten"},"content":{"rendered":"<div data-colibri-id=\"31-c1\" class=\"style-242 style-local-31-c1 position-relative\">\n  <!---->\n  <div data-colibri-component=\"section\" data-colibri-id=\"31-c2\" id=\"initial-content\" class=\"h-section h-section-global-spacing d-flex align-items-lg-center align-items-md-center align-items-center style-243 style-local-31-c2 position-relative\">\n    <!---->\n    <!---->\n    <div class=\"h-section-grid-container h-section-boxed-container\">\n      <!---->\n      <div data-colibri-id=\"31-c9\" class=\"h-row-container gutters-row-lg-2 gutters-row-md-2 gutters-row-0 gutters-row-v-lg-2 gutters-row-v-md-2 gutters-row-v-2 style-250 style-local-31-c9 position-relative\">\n        <!---->\n        <div class=\"h-row justify-content-lg-center justify-content-md-center justify-content-center align-items-lg-stretch align-items-md-stretch align-items-stretch gutters-col-lg-2 gutters-col-md-2 gutters-col-0 gutters-col-v-lg-2 gutters-col-v-md-2 gutters-col-v-2\">\n          <!---->\n          <div class=\"h-column h-column-container d-flex h-col-lg-auto h-col-md-auto h-col-auto style-251-outer style-local-31-c10-outer\">\n            <div data-colibri-id=\"31-c10\" class=\"d-flex h-flex-basis h-column__inner h-px-lg-2 h-px-md-2 h-px-2 v-inner-lg-2 v-inner-md-2 v-inner-2 style-251 style-local-31-c10 position-relative\">\n              <!---->\n              <!---->\n              <div class=\"w-100 h-y-container h-column__content h-column__v-align flex-basis-100 align-self-lg-start align-self-md-start align-self-start\">\n                <!---->\n                <div data-colibri-id=\"31-c11\" class=\"style-246 style-local-31-c11 position-relative h-element\">\n                  <!---->\n                  <div>\n                    \n                    <h3 class=\"wp-block-heading\">Von der Standortsuche bis zur Immobilienverwaltung: bemus ist Ihr zentraler Fachdienstleister rund um Ihr professionell geplantes und umgesetztes Bauvorhaben.<\/h3>\n                    \n\n                    \n                    <p>Sie m\u00f6chten einen zentralen und zuverl\u00e4ssigen Ansprechpartner \u00fcber alle Planungs- und Bauphasen hinweg? Und die Verwaltung Ihrer Immobilie einem Partner anvertrauen, der ihr Objekt bereits aus dem &#8222;Effeff&#8220; kennt? Dann sind die bemus\n                      Ingenieure Ihre Partner, auf die Sie sich in jeder Phase zu 100% verlassen k\u00f6nnen.<\/p>\n                    \n\n                    \n                    <p>Wir koordinieren in der Planungsphase die Fachingenieure, in der Umsetzung die Bauhandwerker und im Betrieb die High Tech Geb\u00e4udetechnik.<\/p>\n                    \n\n                    \n                    <p>Mit bemus erhalten Sie alle Dienstleistungen rund um Ihr Objekt aus einer Hand &#8211; optimal auf Ihren Bedarf abgestimmt und stets mit vollem Einsatz. Unsere Stammkunden verlassen sich darauf: Was wir machen, machen wir richtig.<\/p>\n                    \n\n                    \n                    <h3 class=\"wp-block-heading\">\n                      <a href=\"https:\/\/www.bemus-gewerbebau.de\/vor-dem-bau#Projektentwicklung\">Projektentwicklung<\/a>\n                    <\/h3>\n                    \n\n                    \n                    <p>Die Wahl des Standorts ist f\u00fcr Ihr Bauprojekt von entscheidender Bedeutung. Zu Beginn Ihres Bauprojektes kl\u00e4ren wir in einer umfassenden Standortanalyse die Rentabilit\u00e4t und erbringen alle notwendigen Leistungen, um optimale wirtschaftliche\n                      Rahmenbedingungen sicherzustellen. Dazu geh\u00f6ren u.a. die Analyse der Infrastruktur und ggf. die Planung der Stra\u00dfenerschlie\u00dfung, die Erstellung von Bebauungspl\u00e4nen und die Verhandlungen mit Beh\u00f6rden.<\/p>\n                    \n\n                    \n                    <h3 class=\"wp-block-heading\">\n                      <a href=\"https:\/\/www.bemus-gewerbebau.de\/vor-dem-bau#Vermarktung\">Vermarktung<\/a>\n                    <\/h3>\n                    \n\n                    \n                    <p>Unsere standortbezogenen Konzeptplanungen bereiten wir in aufwendigen 3-D-Visualisierungen auf, die Ihnen bereits w\u00e4hrend der Projektentwicklung hervorragende M\u00f6glichkeiten der Vermarktung bieten. Ebenso m\u00f6glich: Sie nutzen unseren\n                      Komplettservice und \u00fcberlassen uns die erfolgreiche Vermarktung Ihrer Immobilie.<\/p>\n                    \n\n                    \n                    <h3 class=\"wp-block-heading\">\n                      <a href=\"https:\/\/www.bemus-gewerbebau.de\/vor-dem-bau#Planung\">Planung<\/a>\n                    <\/h3>\n                    \n\n                    \n                    <p>bemus bietet Ihnen s\u00e4mtliche Planungs- und Ingenieurleistungen f\u00fcr Ihr Bauvorhaben nach Ma\u00df und exakt auf Ihre Bed\u00fcrfnisse abgestimmt. Wir beauftragen und koordinieren die Fachentwickler f\u00fcr Statik, W\u00e4rmeschutz, Schallschutz, Brandschutz,\n                      Elektrik etc., stimmen das Bauvorhaben mit den Beh\u00f6rden ab und \u00fcbergeben Ihnen am Ende eine stimmige Gesamtplanung. Abl\u00e4ufe, auf die sich unsere Stammkunden bei jedem neuen Bauvorhaben seit Jahrzehnten verlassen, weil sie wissen:\n                      Wir kennen die Anforderungen und setzen sie gewissenhaft um.<\/p>\n                    \n\n                    \n                    <h3 class=\"wp-block-heading\">\n                      <a href=\"https:\/\/www.bemus-gewerbebau.de\/vor-dem-bau#Bauen\">Bauen<\/a>\n                    <\/h3>\n                    \n\n                    \n                    <p>Von der Ausf\u00fchrung von Teilleistungen bis zur schl\u00fcsselfertigen Errichtung neuer Objekte f\u00fchren wir s\u00e4mtliche Bauleistungen durch. Mit einem mobilen Baucontainer, ausgestattet mit allen modernen Medien, sind wir w\u00e4hrend der gesamten\n                      Bauphase vor Ort. Wir koordinieren die Leistungen der Baufirmen, sorgen f\u00fcr die Einhaltung der gesetzlichen Bestimmungen und achten mit fortlaufenden Kontrollen auf eine strenge Kosten- und Termineinhaltung.<\/p>\n                    \n                  <\/div>\n                <\/div>\n              <\/div>\n            <\/div>\n          <\/div>\n        <\/div>\n      <\/div>\n    <\/div>\n  <\/div>\n<\/div>","protected":false},"excerpt":{"rendered":"<p>Von der Standortsuche bis zur Immobilienverwaltung: bemus ist Ihr zentraler Fachdienstleister rund um Ihr professionell geplantes und umgesetztes Bauvorhaben. Sie m\u00f6chten einen zentralen und zuverl\u00e4ssigen Ansprechpartner \u00fcber alle Planungs- und Bauphasen hinweg? Und die Verwaltung Ihrer Immobilie einem Partner anvertrauen, der ihr Objekt bereits aus dem &#8222;Effeff&#8220; kennt? Dann sind die bemus Ingenieure Ihre Partner, [&hellip;]<\/p>\n","protected":false},"author":1,"featured_media":13,"parent":0,"menu_order":0,"comment_status":"closed","ping_status":"closed","template":"page-templates\/full-width-page.php","meta":{"footnotes":""},"class_list":["post-31","page","type-page","status-publish","has-post-thumbnail","hentry"],"_links":{"self":[{"href":"https:\/\/bemus-gewerbebau.de\/index.php\/wp-json\/wp\/v2\/pages\/31","targetHints":{"allow":["GET"]}}],"collection":[{"href":"https:\/\/bemus-gewerbebau.de\/index.php\/wp-json\/wp\/v2\/pages"}],"about":[{"href":"https:\/\/bemus-gewerbebau.de\/index.php\/wp-json\/wp\/v2\/types\/page"}],"author":[{"embeddable":true,"href":"https:\/\/bemus-gewerbebau.de\/index.php\/wp-json\/wp\/v2\/users\/1"}],"replies":[{"embeddable":true,"href":"https:\/\/bemus-gewerbebau.de\/index.php\/wp-json\/wp\/v2\/comments?post=31"}],"version-history":[{"count":3,"href":"https:\/\/bemus-gewerbebau.de\/index.php\/wp-json\/wp\/v2\/pages\/31\/revisions"}],"predecessor-version":[{"id":223,"href":"https:\/\/bemus-gewerbebau.de\/index.php\/wp-json\/wp\/v2\/pages\/31\/revisions\/223"}],"wp:featuredmedia":[{"embeddable":true,"href":"https:\/\/bemus-gewerbebau.de\/index.php\/wp-json\/wp\/v2\/media\/13"}],"wp:attachment":[{"href":"https:\/\/bemus-gewerbebau.de\/index.php\/wp-json\/wp\/v2\/media?parent=31"}],"curies":[{"name":"wp","href":"https:\/\/api.w.org\/{rel}","templated":true}]}}